1923 a prime number?
True
Is 316493 a prime number?
True
Is 4981 a composite number?
True
Is 37391 a prime number?
False
Is 1049599 a prime number?
True
Is 92033 composite?
False
Is 298993 prime?
True
Is 134837 a prime number?
True
Is 1627919 a composite number?
False
Is 289937 composite?
False
Is 254 composite?
True
Is 591521 a prime number?
False
Is 1595953 a prime number?
True
Is 1793 a composite number?
True
Is 380729 a prime number?
True
Is 1657 a prime number?
True
Is 9199 composite?
False
Is 29929 a composite number?
True
Is 41443 composite?
False
Is 607361 a composite number?
True
Is 2251331 a prime number?
True
Is 2333 prime?
True
Is 271559 composite?
True
Is 94517 a composite number?
True
Is 18661 a composite number?
False
Is 14059 a prime number?
False
Is 66491 prime?
True
Is 5153 composite?
False
Is 58889 a prime number?
True
Is 182009 prime?
True
Is 9247 prime?
False
Is 249113 composite?
True
Is 1823 composite?
False
Is 1151 prime?
True
Is 170413 a prime number?
True
Is 60493 composite?
False
Is 399601 a prime number?
True
Is 1272309 composite?
True
Is 40195 composite?
True
Is 2813 a prime number?
False
Is 225479 a composite number?
False
Is 72859 a prime number?
True
Is 6998 a composite number?
True
Is 253887 composite?
True
Is 111 prime?
False
Is 10397 composite?
True
Is 16729 prime?
True
Is 4479 a composite number?
True
Is 8506 a prime number?
False
Is 13639 a composite number?
True
Is 205187 prime?
True
Is 53059 prime?
False
Is 89681 composite?
False
Is 7145 a composite number?
True
Is 115201 a composite number?
False
Is 13253 a prime number?
False
Is 42971 prime?
False
Is 2809931 a prime number?
True
Is 789491 composite?
False
Is 188809 prime?
False
Is 13669 a composite number?
False
Is 132322 a prime number?
False
Is 113567 a prime number?
True
Is 4873119 prime?
False
Is 204499 prime?
False
Is 35597 a prime number?
True
Is 4691 prime?
True
Is 13849 composite?
True
Is 92873 composite?
True
Is 16561 a prime number?
True
Is 89653 a composite number?
False
Is 1872787 a prime number?
False
Is 17481 composite?
True
Is 113891 a composite number?
False
Is 299 composite?
True
Is 401987 prime?
True
Is 205087 a composite number?
True
Is 3107 a prime number?
False
Is 48989 prime?
True
Is 1132177 a prime number?
True
Is 27473 prime?
False
Is 28043 composite?
True
Is 26753 a composite number?
True
Is 1507 a prime number?
False
Is 348311 composite?
True
Is 5623 composite?
False
Is 403483 composite?
False
Is 9791 a prime number?
True
Is 10559 a composite number?
False
Is 144539 a prime number?
True
Is 201611 composite?
False
Is 1462519 composite?
False
Is 1991 composite?
True
Is 2631 composite?
True
Is 14131 a prime number?
False
Is 4547 prime?
True
Is 10969 prime?
False
Is 25417 a prime number?
False
Is 836347 prime?
True
Is 2971741 a composite number?
False
Is 480179 prime?
False
Is 76481 a prime number?
True
Is 48851 composite?
True
Is 60185 a prime number?
False
Is 654881 a prime number?
False
Is 1626173 a composite number?
False
Is 83 composite?
False
Is 18433 prime?
True
Is 435923 prime?
True
Is 28829 composite?
True
Is 10529 composite?
False
Is 33763 composite?
True
Is 136699 composite?
True
Is 441185 prime?
False
Is 15689 a prime number?
False
Is 488219 prime?
False
Is 199523 composite?
False
Is 363673 prime?
False
Is 30313 a prime number?
True
Is 16855 a composite number?
True
Is 5959 prime?
False
Is 25613 a prime number?
False
Is 125887 a prime number?
True
Is 4283 a composite number?
False
Is 2962 a composite number?
True
Is 3306463 composite?
True
Is 187463 a prime number?
True
Is 610969 a prime number?
True
Is 94769 a prime number?
False
Is 571414 prime?
False
Is 13027 a composite number?
True
Is 79795 a composite number?
True
Is 667909 composite?
True
Is 234851 a prime number?
True
Is 44435 composite?
True
Is 19177 composite?
True
Is 6247 composite?
False
Is 298 prime?
False
Is 1377221 prime?
False
Is 680811 prime?
False
Is 64703 composite?
True
Is 1523 a prime number?
True
Is 34027 composite?
True
Is 39659 composite?
False
Is 53167 composite?
True
Is 730433 composite?
True
Is 72859 prime?
True
Is 15863 a composite number?
True
Is 21137 a composite number?
True
Is 41893 prime?
True
Is 247 a prime number?
False
Is 16447 prime?
True
Is 845599 prime?
True
Is 16319 prime?
True
Is 15817 a prime number?
True
Is 488171 composite?
False
Is 445529 composite?
True
Is 66839 composite?
True
Is 530279 composite?
False
Is 380473 a composite number?
True
Is 22691 a prime number?
True
Is 4867 prime?
False
Is 139303 prime?
True
Is 72421 a composite number?
False
Is 12007 composite?
False
Is 80611 a prime number?
True
Is 18883 composite?
True
Is 8779 a prime number?
True
Is 917137 a composite number?
True
Is 720446 a prime number?
False
Is 226441 a prime number?
False
Is 10847 a prime number?
True
Is 6103 composite?
True
Is 2789 composite?
False
Is 4327 a prime number?
True
Is 479797 prime?
True
Is 40903 prime?
True
Is 8509 composite?
True
Is 2927 a composite number?
False
Is 1446973 a prime number?
False
Is 2153 prime?
True
Is 997 prime?
True
Is 164701 prime?
True
Is 241711 prime?
True
Is 346705 prime?
False
Is 66331 a composite number?
True
Is 4513 prime?
True
Is 10447 prime?
False
Is 1045489 prime?
False
Is 10061 a composite number?
False
Is 1143769 a composite number?
True
Is 3847 composite?
False
Is 64159 a composite number?
True
Is 113417 prime?
True
Is 34123 prime?
True
Is 20827 a composite number?
True
Is 23509 a prime number?
True
Is 527581 prime?
True
Is 24889 a composite number?
False
Is 7997 a prime number?
False
Is 5209 a composite number?
False
Is 14969 a prime number?
True
Is 5147 composite?
False
Is 41669 a composite number?
False
Is 72139 a prime number?
True
Is 537893 prime?
False
Is 32831 composite?
False
Is 37951 prime?
True
Is 30757 a composite number?
False
Is 1389734 a composite number?
True
Is 10211 prime?
True
Is 207169 prime?
True
Is 8179 composite?
False
Is 251809 a prime number?
True
Is 21311 a composite number?
True
Is 167507 composite?
True
Is 242789 a prime number?
True
Is 5167 a prime number?
True
Is 1036093 a prime number?
True
Is 76079 a prime number?
True
Is 233477 a composite number?
False
Is 283697 prime?
True
Is 68141 composite?
False
Is 22917 prime?
False
Is 143555 a composite number?
True
Is 6353 prime?
True
Is 70607 a composite number?
False
Is 49721 a prime number?
False
Is 644431 a prime number?
True
Is 23401 a prime number?
False
Is 27427 composite?
False
Is 8707 a prime number?
True
Is 12539 composite?
False
Is 68861 composite?
True
Is 571111 composite?
False
Is 234335 composite?
True
Is 146467 composite?
True
Is 130142 composite?
True
Is 1901 composite?
False
Is 28162 a prime number?
False
Is 1071311 composite?
False
Is 17203 a composite number?
False
Is 2927 a composite number?
False
Is 146915 prime?
False
Is 60181 prime?
False
Is 34739 prime?
True
Is 44449 a composite number?
False
Is 4999 a composite number?
False
Is 4971 prime?
False
Is 19051 composite?
False
Is 7393 composite?
False
Is 56101 a composite number?
False
Is 1573049 composite?
True
Is 91505 composite?
True
Is 6287 a composite number?
False
Is 59009 composite?
False
Is 5989 prime?
False
Is 641 a prime number?
True
Is 171383 prime?
True
Is 136691 composite?
False
Is 325181 a composite number?
False
Is 3149 prime?
False
Is 16301 composite?
False
Is 34019 a composite number?
False
Is 391 prime?
False
Is 106523 composite?
True
Is 5531 a composite number?
False
Is 225341 prime?
True
Is 3538433 composite?
True
Is 18553 prime?
True
Is 144051 a composite number?
True
Is 1835 a prime number?
False
Is 737 prime?
False
Is 7897 prime?
False
Is 14757 composite?
True
Is 202381 a prime number?
True
Is 27733 a composite number?
False
Is 204133 composite?
False
Is 12689 composite?
False
Is 137627 composite?
True
Is 166623 composite?
True
Is 49535 composite?
True
Is 422969 a composite number?
False
Is 94862 a prime number?
False
Is 96787 prime?
True
Is 91435 a prime number?
False
Is 216939 composite?
True
Is 15373 prime?
True
Is 20563 composite?
False
Is 4330241 prime?
True
Is 13595 prime?
False
Is 1458641 prime?
True
Is 4195 composite?
True
Is 45737 a prime number?
True
Is 60719 a composite number?
False
Is 2372179 composite?
False
Is 80989 a co